{"id":1285,"date":"2015-01-14T12:20:34","date_gmt":"2015-01-14T12:20:34","guid":{"rendered":"https:\/\/petronor.eus\/?page_id=1285"},"modified":"2017-06-08T17:33:53","modified_gmt":"2017-06-08T15:33:53","slug":"el-avellano","status":"publish","type":"page","link":"https:\/\/petronor.eus\/es\/nuestro-entorno\/entorno-natural\/la-flora\/el-avellano\/","title":{"rendered":"EL AVELLANO"},"content":{"rendered":"<div class=\"row introBlock full-width-section primeraFila\">\r\n<div class=\"col-lg-3 col-md-3 col-xs-12 col-sm-6\">\r\n<ul class=\"subnav\">  <li class=\"page_item page-item-1285\"><a href=\"https:\/\/petronor.eus\/es\/nuestro-entorno\/entorno-natural\/la-flora\/el-avellano\/\">EL AVELLANO<\/a><\/li>\n<li class=\"page_item page-item-1273\"><a href=\"https:\/\/petronor.eus\/es\/nuestro-entorno\/entorno-natural\/la-flora\/el-nogal\/\">EL NOGAL<\/a><\/li>\n<li class=\"page_item page-item-1257\"><a href=\"https:\/\/petronor.eus\/es\/nuestro-entorno\/entorno-natural\/la-flora\/el-roble\/\">EL ROBLE<\/a><\/li>\n<li class=\"page_item page-item-1268\"><a href=\"https:\/\/petronor.eus\/es\/nuestro-entorno\/entorno-natural\/la-flora\/la-encina\/\">LA ENCINA<\/a><\/li>\n  <\/ul>\r\n<\/div>\r\n<div class=\"col-lg-4 col-md-4 col-xs-12 col-sm-6\">\r\n<h1 style=\"margin-top: 0;\">EL AVELLANO<\/h1>\r\nEs un \u00e1rbol que alcanza normalmente entre 3 a 8 m de alto, aunque en ocasiones puede llegar a los 15 m con una copa muy extendida de forma irregular, generalmente ramificado desde la base. De corteza marr\u00f3n p\u00e1lida o gris y profundamente estriada, su madera es dura, flexible y muy resistente. Las hojas redondeadas, tienen entre 6 a 12 cm de largo y ancho y son suavemente pubescentes por ambas caras, con bordes doblemente aserrados.\r\n\r\nLas flores nacen antes que las hojas, a principios de la primavera. Son monoicas y con amentos de sexo diferenciado; los masculinos de color amarillo p\u00e1lido y entre 5 a 12 cm de largo, los femeninos muy peque\u00f1os y pr\u00e1cticamente ocultos en las yemas de las que surgen los estilos rojo brillante, en n\u00famero de 1 a 3.\r\n\r\nEl fruto es la avellana, que se produce en grupos de 1 a 5, cada una contenida en un peque\u00f1o y hojoso involucro que encierra alrededor de las 3\/4 partes de la nuez. La maduraci\u00f3n tarda de 7 a 8 meses y entonces el involucro se abre liberando la avellana.\r\n\r\n<\/div>\r\n<div class=\"col-lg-5 col-md-5 col-xs-12 col-sm-12\">\r\n<img loading=\"lazy\" decoding=\"async\" class=\"aligncenter size-full wp-image-1287\" src=\"\/wp-content\/uploads\/2015\/01\/avellano-banner.jpg\" alt=\"avellano-banner\" width=\"1024\" height=\"683\" srcset=\"https:\/\/petronor.eus\/wp-content\/uploads\/2015\/01\/avellano-banner.jpg 1024w, https:\/\/petronor.eus\/wp-content\/uploads\/2015\/01\/avellano-banner-600x400.jpg 600w, https:\/\/petronor.eus\/wp-content\/uploads\/2015\/01\/avellano-banner-860x574.jpg 860w\" sizes=\"(max-width: 1024px) 100vw, 1024px\" \/>\r\n<\/div>\r\n<\/div>\r\n<div style=\"margin-bottom:30px ; height:1px; clear:both;\"><\/div>\r\n\r\n<div class=\"row \">\r\n<div class=\"col-lg-6 col-md-8 col-xs-12 col-sm-12 col-md-offset-2 col-lg-offset-3\">\r\n<img loading=\"lazy\" decoding=\"async\" class=\"aligncenter size-full wp-image-1289\" src=\"https:\/\/petronor.eus\/wp-content\/uploads\/2015\/01\/avellano.jpg\" alt=\"avellano\" width=\"640\" height=\"1041\" srcset=\"https:\/\/petronor.eus\/wp-content\/uploads\/2015\/01\/avellano.jpg 640w, https:\/\/petronor.eus\/wp-content\/uploads\/2015\/01\/avellano-600x976.jpg 600w\" sizes=\"(max-width: 640px) 100vw, 640px\" \/>\r\n<a href=\"#\">\r\n<\/a>\r\n<h3>+ INFO&lt;\/&gt;<\/h3>\r\n<\/div>\r\n<\/div>","protected":false},"excerpt":{"rendered":"","protected":false},"author":1,"featured_media":0,"parent":125,"menu_order":0,"comment_status":"open","ping_status":"open","template":"","meta":{"footnotes":""},"class_list":["post-1285","page","type-page","status-publish","hentry"],"yoast_head":"<!-- This site is optimized with the Yoast SEO plugin v24.7 - https:\/\/yoast.com\/wordpress\/plugins\/seo\/ -->\n<title>EL AVELLANO<\/title>\n<meta name=\"description\" content=\"EL AVELLANO Es un \u00e1rbol que alcanza normalmente entre 3 a 8 m de alto. Conoce m\u00e1s de cerca este \u00e1rbol caracter\u00edstico del entorno natural de Petronor.\" \/>\n<meta name=\"robots\" content=\"index, follow, max-snippet:-1, max-image-preview:large, max-video-preview:-1\" \/>\n<link rel=\"canonical\" href=\"https:\/\/petronor.eus\/es\/nuestro-entorno\/entorno-natural\/la-flora\/el-avellano\/\" \/>\n<meta property=\"og:locale\" content=\"es_ES\" \/>\n<meta property=\"og:type\" content=\"article\" \/>\n<meta property=\"og:title\" content=\"EL AVELLANO\" \/>\n<meta property=\"og:description\" content=\"EL AVELLANO Es un \u00e1rbol que alcanza normalmente entre 3 a 8 m de alto. Conoce m\u00e1s de cerca este \u00e1rbol caracter\u00edstico del entorno natural de Petronor.\" \/>\n<meta property=\"og:url\" content=\"https:\/\/petronor.eus\/es\/nuestro-entorno\/entorno-natural\/la-flora\/el-avellano\/\" \/>\n<meta property=\"og:site_name\" content=\"Petronor\" \/>\n<meta property=\"article:modified_time\" content=\"2017-06-08T15:33:53+00:00\" \/>\n<meta property=\"og:image\" content=\"https:\/\/petronor.eus\/wp-content\/uploads\/2015\/01\/avellano.jpg\" \/>\n<meta name=\"twitter:label1\" content=\"Est. reading time\" \/>\n\t<meta name=\"twitter:data1\" content=\"1 minute\" \/>\n<script type=\"application\/ld+json\" class=\"yoast-schema-graph\">{\"@context\":\"https:\/\/schema.org\",\"@graph\":[{\"@type\":\"WebPage\",\"@id\":\"https:\/\/petronor.eus\/es\/nuestro-entorno\/entorno-natural\/la-flora\/el-avellano\/\",\"url\":\"https:\/\/petronor.eus\/es\/nuestro-entorno\/entorno-natural\/la-flora\/el-avellano\/\",\"name\":\"EL AVELLANO\",\"isPartOf\":{\"@id\":\"https:\/\/petronor.eus\/es\/#website\"},\"primaryImageOfPage\":{\"@id\":\"https:\/\/petronor.eus\/es\/nuestro-entorno\/entorno-natural\/la-flora\/el-avellano\/#primaryimage\"},\"image\":{\"@id\":\"https:\/\/petronor.eus\/es\/nuestro-entorno\/entorno-natural\/la-flora\/el-avellano\/#primaryimage\"},\"thumbnailUrl\":\"https:\/\/petronor.eus\/wp-content\/uploads\/2015\/01\/avellano.jpg\",\"datePublished\":\"2015-01-14T12:20:34+00:00\",\"dateModified\":\"2017-06-08T15:33:53+00:00\",\"description\":\"EL AVELLANO Es un \u00e1rbol que alcanza normalmente entre 3 a 8 m de alto. Conoce m\u00e1s de cerca este \u00e1rbol caracter\u00edstico del entorno natural de Petronor.\",\"breadcrumb\":{\"@id\":\"https:\/\/petronor.eus\/es\/nuestro-entorno\/entorno-natural\/la-flora\/el-avellano\/#breadcrumb\"},\"inLanguage\":\"es-ES\",\"potentialAction\":[{\"@type\":\"ReadAction\",\"target\":[\"https:\/\/petronor.eus\/es\/nuestro-entorno\/entorno-natural\/la-flora\/el-avellano\/\"]}]},{\"@type\":\"ImageObject\",\"inLanguage\":\"es-ES\",\"@id\":\"https:\/\/petronor.eus\/es\/nuestro-entorno\/entorno-natural\/la-flora\/el-avellano\/#primaryimage\",\"url\":\"https:\/\/petronor.eus\/wp-content\/uploads\/2015\/01\/avellano.jpg\",\"contentUrl\":\"https:\/\/petronor.eus\/wp-content\/uploads\/2015\/01\/avellano.jpg\"},{\"@type\":\"BreadcrumbList\",\"@id\":\"https:\/\/petronor.eus\/es\/nuestro-entorno\/entorno-natural\/la-flora\/el-avellano\/#breadcrumb\",\"itemListElement\":[{\"@type\":\"ListItem\",\"position\":1,\"name\":\"Home\",\"item\":\"https:\/\/petronor.eus\/es\/\"},{\"@type\":\"ListItem\",\"position\":2,\"name\":\"NUESTRO ENTORNO\",\"item\":\"https:\/\/petronor.eus\/es\/nuestro-entorno\/\"},{\"@type\":\"ListItem\",\"position\":3,\"name\":\"NATURAL\",\"item\":\"https:\/\/petronor.eus\/es\/nuestro-entorno\/entorno-natural\/\"},{\"@type\":\"ListItem\",\"position\":4,\"name\":\"LA FLORA\",\"item\":\"https:\/\/petronor.eus\/es\/nuestro-entorno\/entorno-natural\/la-flora\/\"},{\"@type\":\"ListItem\",\"position\":5,\"name\":\"EL AVELLANO\"}]},{\"@type\":\"WebSite\",\"@id\":\"https:\/\/petronor.eus\/es\/#website\",\"url\":\"https:\/\/petronor.eus\/es\/\",\"name\":\"Petronor\",\"description\":\"\",\"potentialAction\":[{\"@type\":\"SearchAction\",\"target\":{\"@type\":\"EntryPoint\",\"urlTemplate\":\"https:\/\/petronor.eus\/es\/?s={search_term_string}\"},\"query-input\":{\"@type\":\"PropertyValueSpecification\",\"valueRequired\":true,\"valueName\":\"search_term_string\"}}],\"inLanguage\":\"es-ES\"}]}<\/script>\n<!-- \/ Yoast SEO plugin. -->","yoast_head_json":{"title":"EL AVELLANO","description":"EL AVELLANO Es un \u00e1rbol que alcanza normalmente entre 3 a 8 m de alto. Conoce m\u00e1s de cerca este \u00e1rbol caracter\u00edstico del entorno natural de Petronor.","robots":{"index":"index","follow":"follow","max-snippet":"max-snippet:-1","max-image-preview":"max-image-preview:large","max-video-preview":"max-video-preview:-1"},"canonical":"https:\/\/petronor.eus\/es\/nuestro-entorno\/entorno-natural\/la-flora\/el-avellano\/","og_locale":"es_ES","og_type":"article","og_title":"EL AVELLANO","og_description":"EL AVELLANO Es un \u00e1rbol que alcanza normalmente entre 3 a 8 m de alto. Conoce m\u00e1s de cerca este \u00e1rbol caracter\u00edstico del entorno natural de Petronor.","og_url":"https:\/\/petronor.eus\/es\/nuestro-entorno\/entorno-natural\/la-flora\/el-avellano\/","og_site_name":"Petronor","article_modified_time":"2017-06-08T15:33:53+00:00","og_image":[{"url":"https:\/\/petronor.eus\/wp-content\/uploads\/2015\/01\/avellano.jpg","type":"","width":"","height":""}],"twitter_misc":{"Est. reading time":"1 minute"},"schema":{"@context":"https:\/\/schema.org","@graph":[{"@type":"WebPage","@id":"https:\/\/petronor.eus\/es\/nuestro-entorno\/entorno-natural\/la-flora\/el-avellano\/","url":"https:\/\/petronor.eus\/es\/nuestro-entorno\/entorno-natural\/la-flora\/el-avellano\/","name":"EL AVELLANO","isPartOf":{"@id":"https:\/\/petronor.eus\/es\/#website"},"primaryImageOfPage":{"@id":"https:\/\/petronor.eus\/es\/nuestro-entorno\/entorno-natural\/la-flora\/el-avellano\/#primaryimage"},"image":{"@id":"https:\/\/petronor.eus\/es\/nuestro-entorno\/entorno-natural\/la-flora\/el-avellano\/#primaryimage"},"thumbnailUrl":"https:\/\/petronor.eus\/wp-content\/uploads\/2015\/01\/avellano.jpg","datePublished":"2015-01-14T12:20:34+00:00","dateModified":"2017-06-08T15:33:53+00:00","description":"EL AVELLANO Es un \u00e1rbol que alcanza normalmente entre 3 a 8 m de alto. Conoce m\u00e1s de cerca este \u00e1rbol caracter\u00edstico del entorno natural de Petronor.","breadcrumb":{"@id":"https:\/\/petronor.eus\/es\/nuestro-entorno\/entorno-natural\/la-flora\/el-avellano\/#breadcrumb"},"inLanguage":"es-ES","potentialAction":[{"@type":"ReadAction","target":["https:\/\/petronor.eus\/es\/nuestro-entorno\/entorno-natural\/la-flora\/el-avellano\/"]}]},{"@type":"ImageObject","inLanguage":"es-ES","@id":"https:\/\/petronor.eus\/es\/nuestro-entorno\/entorno-natural\/la-flora\/el-avellano\/#primaryimage","url":"https:\/\/petronor.eus\/wp-content\/uploads\/2015\/01\/avellano.jpg","contentUrl":"https:\/\/petronor.eus\/wp-content\/uploads\/2015\/01\/avellano.jpg"},{"@type":"BreadcrumbList","@id":"https:\/\/petronor.eus\/es\/nuestro-entorno\/entorno-natural\/la-flora\/el-avellano\/#breadcrumb","itemListElement":[{"@type":"ListItem","position":1,"name":"Home","item":"https:\/\/petronor.eus\/es\/"},{"@type":"ListItem","position":2,"name":"NUESTRO ENTORNO","item":"https:\/\/petronor.eus\/es\/nuestro-entorno\/"},{"@type":"ListItem","position":3,"name":"NATURAL","item":"https:\/\/petronor.eus\/es\/nuestro-entorno\/entorno-natural\/"},{"@type":"ListItem","position":4,"name":"LA FLORA","item":"https:\/\/petronor.eus\/es\/nuestro-entorno\/entorno-natural\/la-flora\/"},{"@type":"ListItem","position":5,"name":"EL AVELLANO"}]},{"@type":"WebSite","@id":"https:\/\/petronor.eus\/es\/#website","url":"https:\/\/petronor.eus\/es\/","name":"Petronor","description":"","potentialAction":[{"@type":"SearchAction","target":{"@type":"EntryPoint","urlTemplate":"https:\/\/petronor.eus\/es\/?s={search_term_string}"},"query-input":{"@type":"PropertyValueSpecification","valueRequired":true,"valueName":"search_term_string"}}],"inLanguage":"es-ES"}]}},"_links":{"self":[{"href":"https:\/\/petronor.eus\/es\/wp-json\/wp\/v2\/pages\/1285","targetHints":{"allow":["GET"]}}],"collection":[{"href":"https:\/\/petronor.eus\/es\/wp-json\/wp\/v2\/pages"}],"about":[{"href":"https:\/\/petronor.eus\/es\/wp-json\/wp\/v2\/types\/page"}],"author":[{"embeddable":true,"href":"https:\/\/petronor.eus\/es\/wp-json\/wp\/v2\/users\/1"}],"replies":[{"embeddable":true,"href":"https:\/\/petronor.eus\/es\/wp-json\/wp\/v2\/comments?post=1285"}],"version-history":[{"count":7,"href":"https:\/\/petronor.eus\/es\/wp-json\/wp\/v2\/pages\/1285\/revisions"}],"predecessor-version":[{"id":39296,"href":"https:\/\/petronor.eus\/es\/wp-json\/wp\/v2\/pages\/1285\/revisions\/39296"}],"up":[{"embeddable":true,"href":"https:\/\/petronor.eus\/es\/wp-json\/wp\/v2\/pages\/125"}],"wp:attachment":[{"href":"https:\/\/petronor.eus\/es\/wp-json\/wp\/v2\/media?parent=1285"}],"curies":[{"name":"wp","href":"https:\/\/api.w.org\/{rel}","templated":true}]}}

<div class="row introBlock full-width-section primeraFila">
<div class="col-lg-3 col-md-3 col-xs-12 col-sm-6">
<ul class="subnav">  <li class="page_item page-item-1285"><a href="https://petronor.eus/es/nuestro-entorno/entorno-natural/la-flora/el-avellano/">EL AVELLANO</a></li>
<li class="page_item page-item-1273"><a href="https://petronor.eus/es/nuestro-entorno/entorno-natural/la-flora/el-nogal/">EL NOGAL</a></li>
<li class="page_item page-item-1257"><a href="https://petronor.eus/es/nuestro-entorno/entorno-natural/la-flora/el-roble/">EL ROBLE</a></li>
<li class="page_item page-item-1268"><a href="https://petronor.eus/es/nuestro-entorno/entorno-natural/la-flora/la-encina/">LA ENCINA</a></li>
  </ul>
</div>
<div class="col-lg-4 col-md-4 col-xs-12 col-sm-6">
<h1 style="margin-top: 0;">EL AVELLANO</h1>
Es un árbol que alcanza normalmente entre 3 a 8 m de alto, aunque en ocasiones puede llegar a los 15 m con una copa muy extendida de forma irregular, generalmente ramificado desde la base. De corteza marrón pálida o gris y profundamente estriada, su madera es dura, flexible y muy resistente. Las hojas redondeadas, tienen entre 6 a 12 cm de largo y ancho y son suavemente pubescentes por ambas caras, con bordes doblemente aserrados.

Las flores nacen antes que las hojas, a principios de la primavera. Son monoicas y con amentos de sexo diferenciado; los masculinos de color amarillo pálido y entre 5 a 12 cm de largo, los femeninos muy pequeños y prácticamente ocultos en las yemas de las que surgen los estilos rojo brillante, en número de 1 a 3.

El fruto es la avellana, que se produce en grupos de 1 a 5, cada una contenida en un pequeño y hojoso involucro que encierra alrededor de las 3/4 partes de la nuez. La maduración tarda de 7 a 8 meses y entonces el involucro se abre liberando la avellana.

</div>
<div class="col-lg-5 col-md-5 col-xs-12 col-sm-12">
<img loading="lazy" decoding="async" class="aligncenter size-full wp-image-1287" src="/wp-content/uploads/2015/01/avellano-banner.jpg" alt="avellano-banner" width="1024" height="683" srcset="https://petronor.eus/wp-content/uploads/2015/01/avellano-banner.jpg 1024w, https://petronor.eus/wp-content/uploads/2015/01/avellano-banner-600x400.jpg 600w, https://petronor.eus/wp-content/uploads/2015/01/avellano-banner-860x574.jpg 860w" sizes="(max-width: 1024px) 100vw, 1024px" />
</div>
</div>
<div style="margin-bottom:30px ; height:1px; clear:both;"></div>

<div class="row ">
<div class="col-lg-6 col-md-8 col-xs-12 col-sm-12 col-md-offset-2 col-lg-offset-3">
<img loading="lazy" decoding="async" class="aligncenter size-full wp-image-1289" src="https://petronor.eus/wp-content/uploads/2015/01/avellano.jpg" alt="avellano" width="640" height="1041" srcset="https://petronor.eus/wp-content/uploads/2015/01/avellano.jpg 640w, https://petronor.eus/wp-content/uploads/2015/01/avellano-600x976.jpg 600w" sizes="(max-width: 640px) 100vw, 640px" />
<a href="#">
</a>
<h3>+ INFO&lt;/&gt;</h3>
</div>
</div>

<!-- This site is optimized with the Yoast SEO plugin v24.7 - https://yoast.com/wordpress/plugins/seo/ -->
<title>EL AVELLANO</title>
<meta name="description" content="EL AVELLANO Es un árbol que alcanza normalmente entre 3 a 8 m de alto. Conoce más de cerca este árbol característico del entorno natural de Petronor." />
<meta name="robots" content="index, follow, max-snippet:-1, max-image-preview:large, max-video-preview:-1" />
<link rel="canonical" href="https://petronor.eus/es/nuestro-entorno/entorno-natural/la-flora/el-avellano/" />
<meta property="og:locale" content="es_ES" />
<meta property="og:type" content="article" />
<meta property="og:title" content="EL AVELLANO" />
<meta property="og:description" content="EL AVELLANO Es un árbol que alcanza normalmente entre 3 a 8 m de alto. Conoce más de cerca este árbol característico del entorno natural de Petronor." />
<meta property="og:url" content="https://petronor.eus/es/nuestro-entorno/entorno-natural/la-flora/el-avellano/" />
<meta property="og:site_name" content="Petronor" />
<meta property="article:modified_time" content="2017-06-08T15:33:53+00:00" />
<meta property="og:image" content="https://petronor.eus/wp-content/uploads/2015/01/avellano.jpg" />
<meta name="twitter:label1" content="Est. reading time" />
	<meta name="twitter:data1" content="1 minute" />
<script type="application/ld+json" class="yoast-schema-graph">{"@context":"https://schema.org","@graph":[{"@type":"WebPage","@id":"https://petronor.eus/es/nuestro-entorno/entorno-natural/la-flora/el-avellano/","url":"https://petronor.eus/es/nuestro-entorno/entorno-natural/la-flora/el-avellano/","name":"EL AVELLANO","isPartOf":{"@id":"https://petronor.eus/es/#website"},"primaryImageOfPage":{"@id":"https://petronor.eus/es/nuestro-entorno/entorno-natural/la-flora/el-avellano/#primaryimage"},"image":{"@id":"https://petronor.eus/es/nuestro-entorno/entorno-natural/la-flora/el-avellano/#primaryimage"},"thumbnailUrl":"https://petronor.eus/wp-content/uploads/2015/01/avellano.jpg","datePublished":"2015-01-14T12:20:34+00:00","dateModified":"2017-06-08T15:33:53+00:00","description":"EL AVELLANO Es un árbol que alcanza normalmente entre 3 a 8 m de alto. Conoce más de cerca este árbol característico del entorno natural de Petronor.","breadcrumb":{"@id":"https://petronor.eus/es/nuestro-entorno/entorno-natural/la-flora/el-avellano/#breadcrumb"},"inLanguage":"es-ES","potentialAction":[{"@type":"ReadAction","target":["https://petronor.eus/es/nuestro-entorno/entorno-natural/la-flora/el-avellano/"]}]},{"@type":"ImageObject","inLanguage":"es-ES","@id":"https://petronor.eus/es/nuestro-entorno/entorno-natural/la-flora/el-avellano/#primaryimage","url":"https://petronor.eus/wp-content/uploads/2015/01/avellano.jpg","contentUrl":"https://petronor.eus/wp-content/uploads/2015/01/avellano.jpg"},{"@type":"BreadcrumbList","@id":"https://petronor.eus/es/nuestro-entorno/entorno-natural/la-flora/el-avellano/#breadcrumb","itemListElement":[{"@type":"ListItem","position":1,"name":"Home","item":"https://petronor.eus/es/"},{"@type":"ListItem","position":2,"name":"NUESTRO ENTORNO","item":"https://petronor.eus/es/nuestro-entorno/"},{"@type":"ListItem","position":3,"name":"NATURAL","item":"https://petronor.eus/es/nuestro-entorno/entorno-natural/"},{"@type":"ListItem","position":4,"name":"LA FLORA","item":"https://petronor.eus/es/nuestro-entorno/entorno-natural/la-flora/"},{"@type":"ListItem","position":5,"name":"EL AVELLANO"}]},{"@type":"WebSite","@id":"https://petronor.eus/es/#website","url":"https://petronor.eus/es/","name":"Petronor","description":"","potentialAction":[{"@type":"SearchAction","target":{"@type":"EntryPoint","urlTemplate":"https://petronor.eus/es/?s={search_term_string}"},"query-input":{"@type":"PropertyValueSpecification","valueRequired":true,"valueName":"search_term_string"}}],"inLanguage":"es-ES"}]}</script>
<!-- / Yoast SEO plugin. -->

EL AVELLANO Es un árbol que alcanza normalmente entre 3 a 8 m de alto. Conoce más de cerca este árbol característico del entorno natural de Petronor.
